-1)) + 43 + -24?
25
What is (-33 - -31 - 4) + (23 - -1)?
18
What is -3 - (-5 - 0 - 2) - 8?
-4
7 + -12 + 5 - 1 - 11
-12
What is -2 - ((7 - -1) + 3 + -6 + 7)?
-14
What is (-14 - -11 - -10) + -2?
5
Calculate -1 - (5 - (-12 + 9 + -3)).
-12
Evaluate 30 + -1 + (-27 - -20) - 5.
17
Evaluate (-25 + 9 - -16) + -13.
-13
Calculate 1 + -7 + 14 + (29 - (-7 + 9)).
35
What is (25 - -69 - 65) + (1 - (-2 + -2))?
34
What is the value of -27 - -25 - (-4 + 3 + 10)?
-11
What is the value of 7 + (-7 - -10) + 10 + -29?
-9
7 - (13 + (-37 - -20))
11
What is the value of (3 - (-6 + 9 - 3)) + 11?
14
Evaluate (16 - 8 - 4) + -4 - 3 - 21.
-24
What is the value of 1 + -25 + 18 + -6?
-12
What is the value of -135 - -112 - (3 - 18)?
-8
Calculate 4 + -25 - (14 + 1 + -13 + 2).
-25
Evaluate -8 + (-2 - -18) + -16 + 26.
18
What is the value of -30 + 17 + 8 - (1 - 11)?
5
What is the value of -4 - (14 + (116 + -112 - (0 + -6)))?
-28
What is (31 - (13 - 3)) + -13?
8
What is (-21 - -1) + (-2 - 1) + 16 + -12?
-19
(-9 - 3) + 5 - -12 - (-6 - -26)
-15
What is the value of -5 + 17 + (3 - 9) - 12?
-6
What is -3 - (-10 - (0 + -1 + 10 + -37))?
-21
Calculate (-10 - 0) + 1 + 272 + -277.
-14
Calculate 66 - 55 - (1 + 25) - -5.
-10
17 + (-10 - -45) + -32
20
(-9 - (5 + 1 + -14)) + 6
5
Evaluate -1 + (9 - (-1 + -6) - 6).
9
What is the value of -38 + 38 - (1 - (3 + 0))?
2
What is the value of (-1 + 5 + -7 - 0) + -3 + 12?
6
What is -40 + (-4 - (-10 - (11 + -5)))?
-28
What is 1052 + -1012 - (0 + 20)?
20
Evaluate 36 - 39 - (-11 - -43).
-35
-5 + (-5 + 4 + -1 + 0 - -6)
-1
Calculate 5 - ((-45 - -51) + -2 + 4 + 3).
-6
What is -4 - ((0 - 8) + 29 + -61 + 38)?
-2
7 + 1 + 174 + -173 + -16
-7
Evaluate 50 - 22 - (0 + 6 - (33 + -28)).
27
(18 - 0) + -3 + -3
12
What is -71 + 79 + -8 + -2 + 1?
-1
(2 + -4 - -1) + (6 - (4 - 10))
11
Calculate -1 - 11 - (-245 - -231).
2
What is 0 - ((-2 - -2) + 4) - (-2102 + 2108)?
-10
What is -22 + -8 + 15 + -8?
-23
What is 0 - 7 - (52 + -55)?
-4
What is (-2 - -2) + -28 - ((116 - 60) + -65)?
-19
Calculate -2 - (-21 + -10 + 25).
4
What is the value of -9 - (-2 - (-13 + 11) - 11)?
2
Calculate (57 - 37) + (9 - 11).
18
What is (1 + 1 - 6) + (13 - 16) - 0?
-7
-60 + 58 - ((0 - -12) + -2)
-12
What is -37 - -24 - (4 - 23)?
6
Calculate 11 - 8 - 9 - (2 - 2).
-6
What is 49 + -10 + (-89 - -66)?
16
Evaluate 4 + (24 + -20 - (5 - -7)).
-4
Evaluate (79 - 110) + (26 - 3).
-8
Evaluate 44 + -7 + (-9 - 4).
24
Evaluate -4 + (13 - (8 + 16 - 12)).
-3
Evaluate 0 + (15 - -1 - (11 + -14 + 8)).
11
Evaluate 5 - ((-18 - -12 - -13) + (-16 - 6)).
20
Calculate (-25 - (-26 + 6)) + -19.
-24
(2 - (-28 + (6 - 1))) + -4
21
Evaluate 4 + -9 + 2 + 6 + (-9 - -2).
-4
Calculate -6 + 0 + (11 - -2).
7
Calculate -12 - (21 - 63 - -24).
6
Calculate -1274 + 1289 - (47 - (1 + 1)).
-30
Calculate 10 + 14 + -14 + -23 + -8.
-21
What is -9 - (13 - (3 + 3) - 2)?
-14
What is 15 + (-15 + 6 - 11)?
-5
-22 + 42 - 30 - (-14 + 1) - 24
-21
Calculate 19 - (-21 - -43 - -26).
-29
What is 59 + -35 + (49 - 46)?
27
-20 - (-7 - (5 + -5))
-13
Calculate -54 + 41 - (1 + -1 + -8).
-5
Evaluate -3 + 0 + -30 + 17 + 8 - 13.
-21
Calculate (-33 - -10) + 11 - -7.
-5
What is (22 - 14) + 13 - 32?
-11
Evaluate 10 - 12 - (-1 + -1) - (-1 + 11).
-10
What is the value of 345 - 332 - (0 - 1)?
14
Calculate 75 - 66 - (10 + -1).
0
Calculate 20 + -1 - (146 - 135).
8
Calculate 12 + (3 - 0) + -28 - 13.
-26
(-19 - -42) + -10 + (12 - 0)
25
6 + -2 + 1 + -5 + 15
15
Evaluate -4 - (10 + 16 + -25 + (-8 - 0)).
3
What is 5 + (16 - 27 - 7)?
-13
(39 - -7) + -33 + (-10 - -4)
7
Calculate (156 - 162 - (-2 + (0 - 1))) + -12.
-15
Evaluate -9 + (8 + -3 - 5) - -11 - 4.
-2
What is -101 + 122 - (1 - -1) - (-2 + 2)?
19
Calculate 3 + 0 + (-3 - 1) + -2.
-3
Evaluate 1 - (2 + (-3 - 4) + 15).
-9
Calculate -4 + 3 + (-14 - -20) + 1 + -9.
-3
What is 1 + 1 - (13 + -21 - -14)?
-4
What is 12 + (-1 - 10 - 11)?
-10
Calculate 22 + (-6 - (-25 + 53)).
-12
Evaluate -2 + -11 + (23 - 5 - 9).
-4
Evaluate 2 - 1 - (119 + -111) - 3.
-10
What is the value of 10 - (18 - 12 - -11)?
-7
-20 - (22 + (12 - 57))
3
Evaluate -15 + 7 - (43 + -48).
-3
Calculate 10 + (9 - 17) + 3.
5
Calculate 0 + -6 - (-25 + 22).
-3
Calculate -8 + (-6 - -11) + (7 - 2 - -3).
5
What is the value of -98 + 104 + -2 + -22?
-18
What is the value of (-11 + 24 - 20) + 21?
14
What is -7 + (-9 - -8 - 4) + 0?
-12
5 + (-10 - -9) - -11
15
What is the value of -24 - (-34 - -12 - -11 - -11)?
-24
Calculate 3 - (-9 - (-6 - 3 - 12)).
-9
What is 6 + -6 + 3 + (5 - 1) - 5?
2
Evaluate -12 - (3 + -3 + 9) - -9.
-12
3 - (10 - (0 - (8 - -24)))
-39
Evaluate -2 - ((5 - 11) + -8 + 10).
2
20 - 44 - (-2 + 0)
-22
What is the value of -17 - (11 - -5 - 18)?
-15
26 + -7 + -8 + -20
-9
-13 + 28 - (13 + -7) - (3 - -2)
4
Calculate -5 + -15 + (3 - 5).
-22
What is the value of -8 + (39 - 14) + (-12 - -4) + -37?
-28
What is 1 + 1 - (107 + -101)?
-4
Evaluate -11 + (-2 - (-2 + (-5 - -4))).
-10
Evaluate -20 - ((59 - 51) + (-1 - (0 + 3))).
-24
What is -213 - -201 - (-3 + 1)?
-10
What is -17 - (-37 - -2) - 4?
14
What is -20 - (-2 - -5) - -32?
9
What is the value of 22 - (-10 + 13 + 18 + -11)?
12
Calculate (-34 - -54) + -11 + (-1 - 1 - -5).
12
11 + -1 + -1 + 64 + -67
6
What is the value of 4 + -8 + 6 - 4 - -13?
11
Evaluate -1 + -17 - -8 - -1.
-9
Evaluate (8 - 2) + -1 + (-7 - (7 - 8)).
-1
What is the value of -32 - (8 + 3 - (18 - -5 - 4))?
-24
What is 7543 + -7563 - (1 + -19 - -1)?
-3
What is the value of -17 + (-17 - (-17 + -5))?
-12
Calculate 731 + -726 - (1 + -18).
22
(69 - 67) + (-2 - -5) + 8 + 1
14
Calculate 3 + -1 + -8 + -1 + (268 - 275).
-14
Evaluate 5 - -5 - (33 - 23) - -7.
7
Evaluate 18 - (17 - (-7 - -22)).
16
What is the value of 5 + 6 + (-12 - -9) - 21?
-13
What is the value of 0 + 8 - (0 + (-4 - 4))?
16
-214 + 220 + (3 - -2 - 1) + 28
38
What is the value of (1 - (4 - -4 - 18)) + 1?
12
(1 + -1 - (15 + -7)) + 20
12
Evaluate -33 + 21 - (-1 - -2).
-13
-320 + 310 - ((1 - 0) + (4 - 4))
-11
What is the value of -87 - -97 - (1 - -9 - (3 - 0))?
3
Evaluate -2 + -15 + -7 + (12 - -4).
-8
What is -13 - -6 - 5 - -23?
11
4 - (-19 - (5 + -19) - -4)
5
Calculate 3 + 14 + -9 + 3.
11
What is -15 - -11 - -12 - (-5 - -2)?
11
Calculate -6 + (-21 - -17) - (-2 - 2).
-6
Calculate -36 - (1 - (6 + -12 - -5)).
-38
What is the value of -17 + (3 + 5 + 2 - 3) - 19?
-29
What is 8 + 1 - ((-11 - -2) + -6)?
24
What is -21 - (-2 + (0 - 9)) - 14?
-24
(2 - -21 - 26) + 7 + 1
5
What is -2 - -8 - (5 - 16)?
17
(0 - -1) + (4 - 1) + -1541 + 1516
-21
Calculate -1 - ((-1 - (-11 + 4)) + -3) - 6.
-10
What is (3 - -4) + (2 - (6 - (-9 - -18)))?
12
-7 + -2 + (11 - 22 - -2)
-18
Calculate -13 + 10 + -9 + 9 + 1.
-2
What is (2 - (6 - 2)) + 6 + -1 + -2?
1
102 - 118 - (-31 + -5)
20
Evaluate 4 - (5 - (4 - 2) - 5).
6
What is (-8 + -12 - -3) + 33?
16
-11 + 8 + (1 - 1) + (157 - 168)
-14
Calculate -1 + 20 + -27 - (0 + -18).
10
What is the value of (3 + -4 - -3) + (78 - 76)?
4
Evaluate 6 + 0 - ((15 - -1) + 10 + 4).
-24
-3 - (-16 + 23) - 5
-15
What is -19 + (-16 - (-31 + 9))?
-13
(-2 - 6) + (-1 - (-9 - -12 - -4))
-16
What is -54 - (-6 + (-14 - -6)) - -7?
-33
(-5 - 2) + 1 + -2 + -14 + -3
-25
Evaluate (3 - (5 + 2)) + (16 - 3) + -6.
3
-1 + 2 + 6 - -5 - -1
13
What is the value of 16 + 12 + -23 + -14?
-9
(2 - 2) + (-398 - -369 - (0 - 17))
-12
Calculate (-10 - (-19 + 3)) + -10.
-4
-6 + -12 - (-1 + -4)
-13
(-175 - -187) + (0 - 1)
11
Calculate (-5 - 1) + -186 + 195.
3
Evaluate (2 - -1) + -3 + -4 + 2 + 7.
5
Evaluate -50 + (75 - 17) - (0 + -1 - 21).
30
Calculate (-8 - (4 + -7) - -1) + (-1 - -1).
-4
What is -22 + 5 - -11 - (13 - 5)?
-14
Evaluate -28 + (0 - -13) + 5 + -1 + 0.
-11
What is the value of (159 - 157) + 5 + 1 + 0 - 1?
7
Calculate 13 - 37 - (-14 + 7).
-17
What is (2 - (-8 + -6)) + -9 - 35?
-28
Evaluate 15 - (-27 - -31) - 22.
-11
Evaluate 0 + -23 - (18 + 2 - (206 - 192)).
-29
What is the value of (-33 - -12) + 30 + 8 + 1?
18
What is the value of -163 + 165 + (-3 - -15)?
14
What is -5 + 21 + (18 - -6) - (1 + 9)?
30
What is 28 + -11 - (-6 + 8)?
15
Evaluate (85 - 56) + (5 + (-14 - 0) - -4).
24
Calculate -7 + 3 - (-5 + (-11 + 11 - 2)).
3
Evaluate (3 - (-1 + 12)) + 41 + -51 - -10.
-8
What is (-1147 - -1172) + (4 - (2 - 0)) + -3?
24
Evaluate (-1 - (16 + -10)) + (1 - 13).
-19
What is the value of 2 - -3 - 3 - (23 - 11)?
-10
What is 20 - (46 - (-38 - -82))?
18
